{"id":2936,"date":"2025-05-13T10:08:42","date_gmt":"2025-05-13T08:08:42","guid":{"rendered":"https:\/\/kastelmeble.radom.pl\/bisparkiet\/?post_type=product&#038;p=2936"},"modified":"2025-05-13T10:08:44","modified_gmt":"2025-05-13T08:08:44","slug":"legar-bambus-30x48x1860-mm","status":"publish","type":"product","link":"https:\/\/kastelmeble.radom.pl\/bisparkiet\/produkt\/legar-bambus-30x48x1860-mm\/","title":{"rendered":"Legar Bambus 30x48x1860 mm"},"content":{"rendered":"<p data-start=\"0\" data-end=\"383\">Bambus to \u015bwietny wyb\u00f3r dla os\u00f3b, kt\u00f3re szukaj\u0105 ekologicznych i trwa\u0142ych materia\u0142\u00f3w do swoich przestrzeni na zewn\u0105trz. W\u0142a\u015bciwo\u015bci, kt\u00f3re je wyr\u00f3\u017cniaj\u0105, to wyj\u0105tkowa wytrzyma\u0142o\u015b\u0107 i odporno\u015b\u0107 na warunki atmosferyczne. Bambus jako materia\u0142 odnawialny jest szybki w uprawie, co czyni go bardziej zr\u00f3wnowa\u017conym ni\u017c tradycyjne drewno.<\/p>\n<p data-start=\"385\" data-end=\"668\">Pod wzgl\u0119dem estetyki, ciemny kolor desek rzeczywi\u015bcie przypomina drewno ipe lapacho, co daje elegancki wygl\u0105d tarasu. Opr\u00f3cz tego, trwa\u0142o\u015b\u0107 na poziomie 25 lat oraz kompatybilno\u015b\u0107 z systemami monta\u017cu niewidocznego to dodatkowe atuty, kt\u00f3re sprawiaj\u0105, \u017ce s\u0105 to deski warte rozwa\u017cenia.<\/p>\n<p data-start=\"670\" data-end=\"885\" data-is-last-node=\"\" data-is-only-node=\"\">Wa\u017cne jest te\u017c to, \u017ce drewno bambusowe jest materia\u0142em naturalnym, dlatego mo\u017ce wyst\u0119powa\u0107 w r\u00f3\u017cnych odcieniach i wzorach, co dodaje uroku ka\u017cdemu projektowi. To sprawia, \u017ce ka\u017cdy taras z tych desek b\u0119dzie unikalny.<\/p>\n","protected":false},"excerpt":{"rendered":"<p>Bambus to \u015bwietny wyb\u00f3r dla os\u00f3b, kt\u00f3re szukaj\u0105 ekologicznych i trwa\u0142ych materia\u0142\u00f3w do swoich przestrzeni na zewn\u0105trz. W\u0142a\u015bciwo\u015bci, kt\u00f3re je wyr\u00f3\u017cniaj\u0105, to wyj\u0105tkowa wytrzyma\u0142o\u015b\u0107 i odporno\u015b\u0107 na warunki atmosferyczne. Bambus jako materia\u0142 odnawialny jest szybki w uprawie, co czyni go bardziej zr\u00f3wnowa\u017conym ni\u017c tradycyjne drewno. Pod wzgl\u0119dem estetyki, ciemny kolor desek rzeczywi\u015bcie przypomina drewno ipe [&hellip;]<\/p>\n","protected":false},"featured_media":2945,"comment_status":"closed","ping_status":"closed","template":"","meta":[],"product_brand":[],"product_cat":[40,32],"product_tag":[],"class_list":{"0":"post-2936","1":"product","2":"type-product","3":"status-publish","4":"has-post-thumbnail","6":"product_cat-legary","7":"product_cat-tarasy","8":"product_shipping_class-ponadgabarytowe","10":"first","11":"instock","12":"shipping-taxable","13":"purchasable","14":"product-type-simple"},"_links":{"self":[{"href":"https:\/\/kastelmeble.radom.pl\/bisparkiet\/wp-json\/wp\/v2\/product\/2936","targetHints":{"allow":["GET"]}}],"collection":[{"href":"https:\/\/kastelmeble.radom.pl\/bisparkiet\/wp-json\/wp\/v2\/product"}],"about":[{"href":"https:\/\/kastelmeble.radom.pl\/bisparkiet\/wp-json\/wp\/v2\/types\/product"}],"replies":[{"embeddable":true,"href":"https:\/\/kastelmeble.radom.pl\/bisparkiet\/wp-json\/wp\/v2\/comments?post=2936"}],"wp:featuredmedia":[{"embeddable":true,"href":"https:\/\/kastelmeble.radom.pl\/bisparkiet\/wp-json\/wp\/v2\/media\/2945"}],"wp:attachment":[{"href":"https:\/\/kastelmeble.radom.pl\/bisparkiet\/wp-json\/wp\/v2\/media?parent=2936"}],"wp:term":[{"taxonomy":"product_brand","embeddable":true,"href":"https:\/\/kastelmeble.radom.pl\/bisparkiet\/wp-json\/wp\/v2\/product_brand?post=2936"},{"taxonomy":"product_cat","embeddable":true,"href":"https:\/\/kastelmeble.radom.pl\/bisparkiet\/wp-json\/wp\/v2\/product_cat?post=2936"},{"taxonomy":"product_tag","embeddable":true,"href":"https:\/\/kastelmeble.radom.pl\/bisparkiet\/wp-json\/wp\/v2\/product_tag?post=2936"}],"curies":[{"name":"wp","href":"https:\/\/api.w.org\/{rel}","templated":true}]}}