{"id":2881,"date":"2025-05-13T10:08:32","date_gmt":"2025-05-13T08:08:32","guid":{"rendered":"https:\/\/kastelmeble.radom.pl\/bisparkiet\/?post_type=product&#038;p=2881"},"modified":"2025-05-13T10:08:35","modified_gmt":"2025-05-13T08:08:35","slug":"legar-aluminiowy-gardin-max-50x33x4000","status":"publish","type":"product","link":"https:\/\/kastelmeble.radom.pl\/bisparkiet\/produkt\/legar-aluminiowy-gardin-max-50x33x4000\/","title":{"rendered":"Legar aluminiowy GARDIN MAX 50X33X4000"},"content":{"rendered":"<p>Legar aluminiowy MAX &#8211; 50 x 33 mm<\/p>\n<p>System legar\u00f3w profilowanych Gardin Alu to kompleksowe rozwi\u0105zanie, kt\u00f3re redefiniuje standardy wygody, solidno\u015bci i \u0142atwo\u015bci monta\u017cu. Obejmuje on nie tylko profile aluminiowe, lecz tak\u017ce dedykowane klipsy i akcesoria, umo\u017cliwiaj\u0105ce szybkie i precyzyjne \u0142\u0105czenie element\u00f3w. Wszystkie komponenty zosta\u0142y zaprojektowane tak, aby idealnie wsp\u00f3\u0142gra\u0142y ze sob\u0105, tworz\u0105c wytrzyma\u0142\u0105 konstrukcj\u0119 o doskona\u0142ym spasowaniu. Dzi\u0119ki innowacyjnemu podej\u015bciu, monta\u017c jest niezwykle prosty i intuicyjny, co znacz\u0105co przyspiesza proces budowy. System oferuje tak\u017ce wy\u017csz\u0105 sztywno\u015b\u0107 i trwa\u0142o\u015b\u0107, spe\u0142niaj\u0105c nawet najbardziej wymagaj\u0105ce oczekiwania klient\u00f3w. Gardin Alu to idealne rozwi\u0105zanie dla tych, kt\u00f3rzy poszukuj\u0105 najwy\u017cszej jako\u015bci i wygody w monta\u017cu.<\/p>\n<p>Zdj\u0119cie produktu ma charakter pogl\u0105dowy i prezentuje tylko wycinek ca\u0142o\u015bci produktu, nie prezentuje koloru, wzoru i struktury ca\u0142ego produktu. W zwi\u0105zku z cechami produktu, nie ma dw\u00f3ch identycznych produkt\u00f3w (np. w zakresie koloru, struktury i wzoru), r\u00f3\u017cnice wyst\u0119puj\u0105 r\u00f3wnie\u017c w obr\u0119bie tego samego produktu.<\/p>\n<p><strong>Przed zakupem prosimy o kontakt w celu sprawdzenia dost\u0119pno\u015bci oraz ustalenia szczeg\u00f3\u0142\u00f3w transportu.<\/strong><\/p>\n<p><b>Oferujemy r\u00f3wnie\u017c monta\u017c taras\u00f3w i elewacji.<\/b><\/p>\n<p><b>Zadzwo\u0144 lub napisz a my przygotujemy ofert\u0119.<\/b><\/p>\n","protected":false},"excerpt":{"rendered":"<p><b>Cena dotyczy 1 mb legara\u00a0<\/b><\/p>\n<p><b>Grubo\u015b\u0107:<\/b> 50mm<\/p>\n<p><b>Szeroko\u015b\u0107:<\/b> 33 mm<\/p>\n<p><strong>D\u0142ugo\u015b\u0107:\u00a0<\/strong>4000mm<\/p>\n<p>&nbsp;<\/p>\n","protected":false},"featured_media":2911,"comment_status":"open","ping_status":"closed","template":"","meta":[],"product_brand":[],"product_cat":[40,32],"product_tag":[],"class_list":{"0":"post-2881","1":"product","2":"type-product","3":"status-publish","4":"has-post-thumbnail","6":"product_cat-legary","7":"product_cat-tarasy","9":"first","10":"instock","11":"shipping-taxable","12":"purchasable","13":"product-type-simple"},"_links":{"self":[{"href":"https:\/\/kastelmeble.radom.pl\/bisparkiet\/wp-json\/wp\/v2\/product\/2881","targetHints":{"allow":["GET"]}}],"collection":[{"href":"https:\/\/kastelmeble.radom.pl\/bisparkiet\/wp-json\/wp\/v2\/product"}],"about":[{"href":"https:\/\/kastelmeble.radom.pl\/bisparkiet\/wp-json\/wp\/v2\/types\/product"}],"replies":[{"embeddable":true,"href":"https:\/\/kastelmeble.radom.pl\/bisparkiet\/wp-json\/wp\/v2\/comments?post=2881"}],"wp:featuredmedia":[{"embeddable":true,"href":"https:\/\/kastelmeble.radom.pl\/bisparkiet\/wp-json\/wp\/v2\/media\/2911"}],"wp:attachment":[{"href":"https:\/\/kastelmeble.radom.pl\/bisparkiet\/wp-json\/wp\/v2\/media?parent=2881"}],"wp:term":[{"taxonomy":"product_brand","embeddable":true,"href":"https:\/\/kastelmeble.radom.pl\/bisparkiet\/wp-json\/wp\/v2\/product_brand?post=2881"},{"taxonomy":"product_cat","embeddable":true,"href":"https:\/\/kastelmeble.radom.pl\/bisparkiet\/wp-json\/wp\/v2\/product_cat?post=2881"},{"taxonomy":"product_tag","embeddable":true,"href":"https:\/\/kastelmeble.radom.pl\/bisparkiet\/wp-json\/wp\/v2\/product_tag?post=2881"}],"curies":[{"name":"wp","href":"https:\/\/api.w.org\/{rel}","templated":true}]}}