{"id":2872,"date":"2025-05-13T10:08:25","date_gmt":"2025-05-13T08:08:25","guid":{"rendered":"https:\/\/kastelmeble.radom.pl\/bisparkiet\/?post_type=product&#038;p=2872"},"modified":"2025-05-13T10:08:32","modified_gmt":"2025-05-13T08:08:32","slug":"listwa-katowa-gardin-deco-x-40x60x3000","status":"publish","type":"product","link":"https:\/\/kastelmeble.radom.pl\/bisparkiet\/produkt\/listwa-katowa-gardin-deco-x-40x60x3000\/","title":{"rendered":"Listwa k\u0105towa Gardin Deco X 40X60X3000"},"content":{"rendered":"<p>Listwa wyko\u0144czeniowa naro\u017cnikowa do sytemu tarasowego Gardin Deco X.<\/p>\n<p>Wytwarzana z mieszanki polimer\u00f3w wysokiej g\u0119sto\u015bci i w\u0142\u00f3kien drzewnych. Charakteryzuje si\u0119 wysok\u0105 trwa\u0142o\u015bci\u0105 i odporno\u015bci\u0105 na promienie UV oraz destrukcj\u0119 biologiczn\u0105. Nie wymaga olejowania ani impregnacji.<\/p>\n<p>&nbsp;<\/p>\n","protected":false},"excerpt":{"rendered":"<p>Listwa wyko\u0144czeniowa naro\u017cnikowa do sytemu tarasowego Gardin Deco X. Wytwarzana z mieszanki polimer\u00f3w wysokiej g\u0119sto\u015bci i w\u0142\u00f3kien drzewnych. Charakteryzuje si\u0119 wysok\u0105 trwa\u0142o\u015bci\u0105 i odporno\u015bci\u0105 na promienie UV oraz destrukcj\u0119 biologiczn\u0105. Nie wymaga olejowania ani impregnacji. &nbsp;<\/p>\n","protected":false},"featured_media":2455,"comment_status":"open","ping_status":"closed","template":"","meta":[],"product_brand":[],"product_cat":[69,32],"product_tag":[],"class_list":{"0":"post-2872","1":"product","2":"type-product","3":"status-publish","4":"has-post-thumbnail","6":"product_cat-listwy-wykonczeniowe","7":"product_cat-tarasy","8":"product_shipping_class-lekkie-produkty","10":"first","11":"instock","12":"shipping-taxable","13":"purchasable","14":"product-type-variable"},"_links":{"self":[{"href":"https:\/\/kastelmeble.radom.pl\/bisparkiet\/wp-json\/wp\/v2\/product\/2872","targetHints":{"allow":["GET"]}}],"collection":[{"href":"https:\/\/kastelmeble.radom.pl\/bisparkiet\/wp-json\/wp\/v2\/product"}],"about":[{"href":"https:\/\/kastelmeble.radom.pl\/bisparkiet\/wp-json\/wp\/v2\/types\/product"}],"replies":[{"embeddable":true,"href":"https:\/\/kastelmeble.radom.pl\/bisparkiet\/wp-json\/wp\/v2\/comments?post=2872"}],"wp:featuredmedia":[{"embeddable":true,"href":"https:\/\/kastelmeble.radom.pl\/bisparkiet\/wp-json\/wp\/v2\/media\/2455"}],"wp:attachment":[{"href":"https:\/\/kastelmeble.radom.pl\/bisparkiet\/wp-json\/wp\/v2\/media?parent=2872"}],"wp:term":[{"taxonomy":"product_brand","embeddable":true,"href":"https:\/\/kastelmeble.radom.pl\/bisparkiet\/wp-json\/wp\/v2\/product_brand?post=2872"},{"taxonomy":"product_cat","embeddable":true,"href":"https:\/\/kastelmeble.radom.pl\/bisparkiet\/wp-json\/wp\/v2\/product_cat?post=2872"},{"taxonomy":"product_tag","embeddable":true,"href":"https:\/\/kastelmeble.radom.pl\/bisparkiet\/wp-json\/wp\/v2\/product_tag?post=2872"}],"curies":[{"name":"wp","href":"https:\/\/api.w.org\/{rel}","templated":true}]}}