{"id":2863,"date":"2025-05-13T10:08:25","date_gmt":"2025-05-13T08:08:25","guid":{"rendered":"https:\/\/kastelmeble.radom.pl\/bisparkiet\/?post_type=product&#038;p=2863"},"modified":"2025-05-13T10:08:32","modified_gmt":"2025-05-13T08:08:32","slug":"listwa-wykonczeniowa-ultrashield-um02-10x60x2800","status":"publish","type":"product","link":"https:\/\/kastelmeble.radom.pl\/bisparkiet\/produkt\/listwa-wykonczeniowa-ultrashield-um02-10x60x2800\/","title":{"rendered":"Listwa wyko\u0144czeniowa ULTRASHIELD UM02 10X60X2800"},"content":{"rendered":"<div id=\"description\" class=\"tab-pane fade in active\">\n<div class=\"product-description\">\n<h2>Listwa wyko\u0144czeniowa ULTRASHIELD UM02 10X60X2800<\/h2>\n<p>Remontujesz taras i potrzebujesz wytrzyma\u0142ych listew wyko\u0144czeniowych w kolorze naturalnego drewna? Cenisz produkty wysokiej jako\u015bci wykonane ze starannie wyselekcjonowanych materia\u0142\u00f3w? W ofercie naszego sklepu znajdziesz mi\u0119dzy innymi listwy wyko\u0144czeniowe marki NewTechWood &#8211; jedn\u0105 z propozycji producenta jest listwa Ultrashield UM 02 10&#215;60 [mm] o d\u0142ugo\u015bci 2,8 metr\u00f3w. Ten praktyczny element w odcieniu drewna tekowego o ryflowanej powierzchni maskuje kraw\u0119d\u017a tarasu.<\/p>\n<p>Produkt dost\u0119pny jest w 6 odcieniach naturalnego drewna: Teak, Ipe, Light Grey, Oak, Antique oraz Walnut.<\/p>\n<p><strong>Listwa wyko\u0144czeniowa <\/strong>Ultrashield UM02 to najwy\u017cszej jako\u015bci produkt wykonany z wytrzyma\u0142ego i odpornego na uszkodzenia kompozytu. Element posiada dwie strony r\u00f3\u017cni\u0105ce si\u0119 struktur\u0105 &#8211; pierwsza z nich posiada drobne ryflowanie, za\u015b druga g\u0142adk\u0105, imituj\u0105c\u0105 drewno powierzchni\u0119.<\/p>\n<p>Ten i inne produkty z serii Ultrashield znakomicie sprawdz\u0105 si\u0119 zar\u00f3wno w prywatnych wn\u0119trzach, jak i w przestrzeniach u\u017cyteczno\u015bci publicznej. Listy UM02 mog\u0105 by\u0107 uk\u0142adane na zewn\u0105trz &#8211; s\u0105 odporne na promieniowanie UV, wilgo\u0107, ple\u015b\u0144 i r\u00f3\u017cnego rodzaju uszkodzenia mechaniczne.<\/p>\n<\/div>\n<\/div>\n","protected":false},"excerpt":{"rendered":"<div class=\"product-prices\">\n<div class=\"product-price h5 \">\n<p>74z\u0142\/mb<\/p>\n<\/div>\n<\/div>\n<div class=\"product-information\">\n<div id=\"product-description-short-101\" class=\"product-desc\">\n<p>Dost\u0119pna w d\u0142ugo\u015bci:\u00a02800 mm<\/p>\n<\/div>\n<\/div>\n","protected":false},"featured_media":2878,"comment_status":"open","ping_status":"closed","template":"","meta":[],"product_brand":[],"product_cat":[79,37,32],"product_tag":[],"class_list":{"0":"post-2863","1":"product","2":"type-product","3":"status-publish","4":"has-post-thumbnail","6":"product_cat-akcesoria-deski-tarasowe-kompozytowe","7":"product_cat-deski-tarasowe-kompozytowe","8":"product_cat-tarasy","9":"product_shipping_class-ponadgabarytowe","11":"first","12":"instock","13":"shipping-taxable","14":"purchasable","15":"product-type-variable"},"_links":{"self":[{"href":"https:\/\/kastelmeble.radom.pl\/bisparkiet\/wp-json\/wp\/v2\/product\/2863","targetHints":{"allow":["GET"]}}],"collection":[{"href":"https:\/\/kastelmeble.radom.pl\/bisparkiet\/wp-json\/wp\/v2\/product"}],"about":[{"href":"https:\/\/kastelmeble.radom.pl\/bisparkiet\/wp-json\/wp\/v2\/types\/product"}],"replies":[{"embeddable":true,"href":"https:\/\/kastelmeble.radom.pl\/bisparkiet\/wp-json\/wp\/v2\/comments?post=2863"}],"wp:featuredmedia":[{"embeddable":true,"href":"https:\/\/kastelmeble.radom.pl\/bisparkiet\/wp-json\/wp\/v2\/media\/2878"}],"wp:attachment":[{"href":"https:\/\/kastelmeble.radom.pl\/bisparkiet\/wp-json\/wp\/v2\/media?parent=2863"}],"wp:term":[{"taxonomy":"product_brand","embeddable":true,"href":"https:\/\/kastelmeble.radom.pl\/bisparkiet\/wp-json\/wp\/v2\/product_brand?post=2863"},{"taxonomy":"product_cat","embeddable":true,"href":"https:\/\/kastelmeble.radom.pl\/bisparkiet\/wp-json\/wp\/v2\/product_cat?post=2863"},{"taxonomy":"product_tag","embeddable":true,"href":"https:\/\/kastelmeble.radom.pl\/bisparkiet\/wp-json\/wp\/v2\/product_tag?post=2863"}],"curies":[{"name":"wp","href":"https:\/\/api.w.org\/{rel}","templated":true}]}}