{"id":2858,"date":"2025-05-13T10:08:24","date_gmt":"2025-05-13T08:08:24","guid":{"rendered":"https:\/\/kastelmeble.radom.pl\/bisparkiet\/?post_type=product&#038;p=2858"},"modified":"2025-05-13T10:08:41","modified_gmt":"2025-05-13T08:08:41","slug":"legar-premium-wpc-32x42-uniwersalny-gardin","status":"publish","type":"product","link":"https:\/\/kastelmeble.radom.pl\/bisparkiet\/produkt\/legar-premium-wpc-32x42-uniwersalny-gardin\/","title":{"rendered":"LEGAR PREMIUM WPC 32X42 UNIWERSALNY GARDIN"},"content":{"rendered":"<p>Legar kompozytowy uniwersalny pasuj\u0105cy do wszystkich desek tarasowych z rodziny Gardin. Wykonany z mieszanki polimer\u00f3w wysokiej g\u0119sto\u015bci i w\u0142\u00f3kien drzewnych. Jest gruby i mocny oraz cechuje si\u0119 wysok\u0105 trwa\u0142o\u015bci\u0105. Jest odporny na destrukcj\u0119 biologiczn\u0105.<\/p>\n<p>Przeznaczony do odpowiedniego wypoziomowania powierzchni tarasu.<\/p>\n<p>O\u015bwiadczamy, \u017ce legar \u2013 nie jest przeznaczony do trwa\u0142ego wbudowania w obiektach budowlanych i tym samym nie jest produktem budowlanym w rozumieniu rozporz\u0105dzenia nr. 305\/2011. Legar \u2013 jest produktem drzewnym og\u00f3lnego przeznaczenia do stosowania np. w ogrodach i tam, gdzie nie s\u0105 wymagane odpowiednie zezwolenia budowlane np. \u0142awki, donice, ogrodzenia, podesty nie zwi\u0105zane trwale z gruntem i budynkiem i in.<\/p>\n<p>Zdj\u0119cia produktu maj\u0105 charakter pogl\u0105dowy i prezentuj\u0105 tylko wycinek ca\u0142ego produktu, nie prezentuj\u0105 wzoru i struktury ca\u0142ego produktu. W zwi\u0105zku z naturalnymi cechami drewna, zawartego w sk\u0142adzie produktu, nie ma dw\u00f3ch identycznych produkt\u00f3w (np. w zakresie koloru, struktury i wzoru), r\u00f3\u017cnice wyst\u0119puj\u0105 r\u00f3wnie\u017c w obr\u0119bie tego samego produktu.<\/p>\n","protected":false},"excerpt":{"rendered":"<p>Cena za 1 szt. legara<\/p>\n<p>&nbsp;<\/p>\n","protected":false},"featured_media":2875,"comment_status":"closed","ping_status":"closed","template":"","meta":[],"product_brand":[],"product_cat":[60],"product_tag":[],"class_list":{"0":"post-2858","1":"product","2":"type-product","3":"status-publish","4":"has-post-thumbnail","6":"product_cat-deski-elewacyjne-thermo-sosna","7":"product_shipping_class-ponadgabarytowe","9":"first","10":"onbackorder","11":"shipping-taxable","12":"purchasable","13":"product-type-variable"},"_links":{"self":[{"href":"https:\/\/kastelmeble.radom.pl\/bisparkiet\/wp-json\/wp\/v2\/product\/2858","targetHints":{"allow":["GET"]}}],"collection":[{"href":"https:\/\/kastelmeble.radom.pl\/bisparkiet\/wp-json\/wp\/v2\/product"}],"about":[{"href":"https:\/\/kastelmeble.radom.pl\/bisparkiet\/wp-json\/wp\/v2\/types\/product"}],"replies":[{"embeddable":true,"href":"https:\/\/kastelmeble.radom.pl\/bisparkiet\/wp-json\/wp\/v2\/comments?post=2858"}],"wp:featuredmedia":[{"embeddable":true,"href":"https:\/\/kastelmeble.radom.pl\/bisparkiet\/wp-json\/wp\/v2\/media\/2875"}],"wp:attachment":[{"href":"https:\/\/kastelmeble.radom.pl\/bisparkiet\/wp-json\/wp\/v2\/media?parent=2858"}],"wp:term":[{"taxonomy":"product_brand","embeddable":true,"href":"https:\/\/kastelmeble.radom.pl\/bisparkiet\/wp-json\/wp\/v2\/product_brand?post=2858"},{"taxonomy":"product_cat","embeddable":true,"href":"https:\/\/kastelmeble.radom.pl\/bisparkiet\/wp-json\/wp\/v2\/product_cat?post=2858"},{"taxonomy":"product_tag","embeddable":true,"href":"https:\/\/kastelmeble.radom.pl\/bisparkiet\/wp-json\/wp\/v2\/product_tag?post=2858"}],"curies":[{"name":"wp","href":"https:\/\/api.w.org\/{rel}","templated":true}]}}