{"id":2818,"date":"2025-05-13T10:08:02","date_gmt":"2025-05-13T08:08:02","guid":{"rendered":"https:\/\/kastelmeble.radom.pl\/bisparkiet\/?post_type=product&#038;p=2818"},"modified":"2025-05-13T10:08:05","modified_gmt":"2025-05-13T08:08:05","slug":"remmers-ig-10-impregnat-grunt-5l","status":"publish","type":"product","link":"https:\/\/kastelmeble.radom.pl\/bisparkiet\/produkt\/remmers-ig-10-impregnat-grunt-5l\/","title":{"rendered":"Remmers IG-10 impregnat, grunt 5L"},"content":{"rendered":"<p><strong>Rozpuszczalnikowy \u015brodek\u00a0 do ochrony drewna, skuteczny wobec sinizny, zgnilizny i owad\u00f3w (w tym termit\u00f3w)<\/strong><\/p>\n<p><strong>Zastosowanie<\/strong><\/p>\n<ul>\n<li>Do zewn\u0119trznych konstrukcji drewnianych tj. altany ogrodowe, wiaty samochodowe, p\u0142oty,<\/li>\n<li>Jako warstwa gruntuj\u0105ca pod pow\u0142oki lazuruj\u0105ce i kryj\u0105ce<\/li>\n<\/ul>\n<p><strong>W\u0142a\u015bciwo\u015bci<\/strong><\/p>\n<ul>\n<li>Chroni drewno przed sinizn\u0105, zgnilizn\u0105 i owadami (w tym termitami)<\/li>\n<li>Reguluje wilgotno\u015b\u0107 drewna, odporny na p\u0119cznieni<\/li>\n<\/ul>\n<p><strong>Zu\u017cycie<\/strong>\u00a0 Skuteczny wobec zgnilizny, sinizny i owad\u00f3w przy aplikacji 150 ml\/m\u00b2<\/p>\n<p>&nbsp;<\/p>\n","protected":false},"excerpt":{"rendered":"<p><strong>Rozpuszczalnikowy \u015brodek\u00a0 do ochrony drewna, profilaktycznie skuteczny wobec sinizny, zgnilizny i owad\u00f3w (w tym termit\u00f3w)<\/strong><\/p>\n","protected":false},"featured_media":2848,"comment_status":"closed","ping_status":"closed","template":"","meta":[],"product_brand":[],"product_cat":[74],"product_tag":[309,306,310,307],"class_list":{"0":"post-2818","1":"product","2":"type-product","3":"status-publish","4":"has-post-thumbnail","6":"product_cat-grunty","7":"product_tag-do-ochrony-drewna","8":"product_tag-grunt-do-drewna","9":"product_tag-grunt-remmers","10":"product_tag-ochrona-drewna","11":"product_shipping_class-ciezkie-paczki-kurier-5-25kg","13":"first","14":"instock","15":"shipping-taxable","16":"purchasable","17":"product-type-simple"},"_links":{"self":[{"href":"https:\/\/kastelmeble.radom.pl\/bisparkiet\/wp-json\/wp\/v2\/product\/2818","targetHints":{"allow":["GET"]}}],"collection":[{"href":"https:\/\/kastelmeble.radom.pl\/bisparkiet\/wp-json\/wp\/v2\/product"}],"about":[{"href":"https:\/\/kastelmeble.radom.pl\/bisparkiet\/wp-json\/wp\/v2\/types\/product"}],"replies":[{"embeddable":true,"href":"https:\/\/kastelmeble.radom.pl\/bisparkiet\/wp-json\/wp\/v2\/comments?post=2818"}],"wp:featuredmedia":[{"embeddable":true,"href":"https:\/\/kastelmeble.radom.pl\/bisparkiet\/wp-json\/wp\/v2\/media\/2848"}],"wp:attachment":[{"href":"https:\/\/kastelmeble.radom.pl\/bisparkiet\/wp-json\/wp\/v2\/media?parent=2818"}],"wp:term":[{"taxonomy":"product_brand","embeddable":true,"href":"https:\/\/kastelmeble.radom.pl\/bisparkiet\/wp-json\/wp\/v2\/product_brand?post=2818"},{"taxonomy":"product_cat","embeddable":true,"href":"https:\/\/kastelmeble.radom.pl\/bisparkiet\/wp-json\/wp\/v2\/product_cat?post=2818"},{"taxonomy":"product_tag","embeddable":true,"href":"https:\/\/kastelmeble.radom.pl\/bisparkiet\/wp-json\/wp\/v2\/product_tag?post=2818"}],"curies":[{"name":"wp","href":"https:\/\/api.w.org\/{rel}","templated":true}]}}