{"id":2649,"date":"2025-05-13T10:06:32","date_gmt":"2025-05-13T08:06:32","guid":{"rendered":"https:\/\/kastelmeble.radom.pl\/bisparkiet\/?post_type=product&#038;p=2649"},"modified":"2025-05-13T10:07:13","modified_gmt":"2025-05-13T08:07:13","slug":"deska-elewacyjna-swierk-romb-28x70mm-nowa","status":"publish","type":"product","link":"https:\/\/kastelmeble.radom.pl\/bisparkiet\/produkt\/deska-elewacyjna-swierk-romb-28x70mm-nowa\/","title":{"rendered":"Deska elewacyjna \u015awierk ROMB  28x70mm (Nowa)"},"content":{"rendered":"<p><strong>Cena dotyczy 1m2 deski<\/strong>\u00a0<strong>elewacyjnej \u015awierk 28&#215;70 mm<\/strong><\/p>\n<p><strong>Profil:<\/strong> Romb<\/p>\n<p><strong>Grubo\u015b\u0107:\u00a0<\/strong>28 mm<\/p>\n<p><strong>Szeroko\u015b\u0107:\u00a0<\/strong>70 mm<\/p>\n<p><strong>Powierzchnia krycia:<\/strong> 53 mm<\/p>\n<p><strong>Klasa:<\/strong>\u00a0AB<\/p>\n<p>Deski pakowane po 6 szt. Sprzeda\u017c na pe\u0142ne paczki.<\/p>\n<p>Elewacja \u015bwierkowa z\u00a0wysokiej klasy drewna \u015bwierkowego.<br \/>\nDzi\u0119ki wysokiej jako\u015bci obr\u00f3bki elewacja ma bardzo dobre walory techniczne i estetyczne.<br \/>\nElewacja \u015awierk jest dost\u0119pna w profilu Romb Duo 28x70mm z czego powierzchnia kryj\u0105ca to 53 mm.<\/p>\n<p><strong>Przed zakupem prosimy o kontakt w celu sprawdzenia dost\u0119pnych d\u0142ugo\u015bci desek oraz ustalenia szczeg\u00f3\u0142\u00f3w transportu.<\/strong><\/p>\n<p><b>Oferujemy r\u00f3wnie\u017c monta\u017c taras\u00f3w i elewacji.<\/b><\/p>\n<p><b>Zadzwo\u0144 lub napisz a my przygotujemy ofert\u0119.<\/b><\/p>\n","protected":false},"excerpt":{"rendered":"<p><strong>Cena dotyczy 1m2 deski<\/strong>\u00a0<strong>elewacyjnej \u015awierk 28&#215;70 mm<\/strong><\/p>\n<p><strong>Profil:<\/strong> Romb<\/p>\n<p><strong>Grubo\u015b\u0107:\u00a0<\/strong>28 mm<\/p>\n<p><strong>Szeroko\u015b\u0107:\u00a0<\/strong>70 mm<\/p>\n<p><strong>Powierzchnia krycia:<\/strong> 53 mm<\/p>\n<p><strong>Klasa:<\/strong>\u00a0AB<\/p>\n","protected":false},"featured_media":2684,"comment_status":"open","ping_status":"closed","template":"","meta":[],"product_brand":[],"product_cat":[57,58,55],"product_tag":[],"class_list":{"0":"post-2649","1":"product","2":"type-product","3":"status-publish","4":"has-post-thumbnail","6":"product_cat-deska-iglasta","7":"product_cat-deski-elewacyjne-swierk","8":"product_cat-elewacje","9":"product_shipping_class-ponadgabarytowe","11":"first","12":"instock","13":"shipping-taxable","14":"purchasable","15":"product-type-simple"},"_links":{"self":[{"href":"https:\/\/kastelmeble.radom.pl\/bisparkiet\/wp-json\/wp\/v2\/product\/2649","targetHints":{"allow":["GET"]}}],"collection":[{"href":"https:\/\/kastelmeble.radom.pl\/bisparkiet\/wp-json\/wp\/v2\/product"}],"about":[{"href":"https:\/\/kastelmeble.radom.pl\/bisparkiet\/wp-json\/wp\/v2\/types\/product"}],"replies":[{"embeddable":true,"href":"https:\/\/kastelmeble.radom.pl\/bisparkiet\/wp-json\/wp\/v2\/comments?post=2649"}],"wp:featuredmedia":[{"embeddable":true,"href":"https:\/\/kastelmeble.radom.pl\/bisparkiet\/wp-json\/wp\/v2\/media\/2684"}],"wp:attachment":[{"href":"https:\/\/kastelmeble.radom.pl\/bisparkiet\/wp-json\/wp\/v2\/media?parent=2649"}],"wp:term":[{"taxonomy":"product_brand","embeddable":true,"href":"https:\/\/kastelmeble.radom.pl\/bisparkiet\/wp-json\/wp\/v2\/product_brand?post=2649"},{"taxonomy":"product_cat","embeddable":true,"href":"https:\/\/kastelmeble.radom.pl\/bisparkiet\/wp-json\/wp\/v2\/product_cat?post=2649"},{"taxonomy":"product_tag","embeddable":true,"href":"https:\/\/kastelmeble.radom.pl\/bisparkiet\/wp-json\/wp\/v2\/product_tag?post=2649"}],"curies":[{"name":"wp","href":"https:\/\/api.w.org\/{rel}","templated":true}]}}