{"id":2605,"date":"2025-05-13T10:06:06","date_gmt":"2025-05-13T08:06:06","guid":{"rendered":"https:\/\/kastelmeble.radom.pl\/bisparkiet\/?post_type=product&#038;p=2605"},"modified":"2025-05-13T10:06:30","modified_gmt":"2025-05-13T08:06:30","slug":"deska-elewacyjna-3d-lenta","status":"publish","type":"product","link":"https:\/\/kastelmeble.radom.pl\/bisparkiet\/produkt\/deska-elewacyjna-3d-lenta\/","title":{"rendered":"Deska elewacyjna 3D Lenta"},"content":{"rendered":"<section class=\"av_textblock_section \">\n<div class=\"avia_textblock \">\n<p>Deska elewacyjna kompozytowa 3D Lenta\u00a0 posiada polimerow\u0105 pow\u0142ok\u0119 kt\u00f3ra jest niezwykle twarda, dzi\u0119ki czemu wykazuje wysok\u0105 odporno\u015b\u0107 na uszkodzenia oraz trwa\u0142o\u015b\u0107 kolorystyczn\u0105.<\/p>\n<p>Elewacja kompozytowa 3D Lenta nie wymaga konserwacji. Jest odporna na dzia\u0142anie warunk\u00f3w atmosferycznych takich jak \u015bnieg, deszcz, promieniowanie UV, zmiany temperatur.<\/p>\n<\/div>\n<\/section>\n<section class=\"av_textblock_section \">\n<div class=\"avia_textblock \">\n<p>Elewacje 3D Lenta montujemy z wykorzystaniem wkr\u0119t\u00f3w monta\u017cowych na podkonstrukcji aluminiowej. Deska montowana na tzw. \u00a0\u201epi\u00f3ro wpust\u201d,\u00a0 wkr\u0119t monta\u017cowy\u00a0 jest niewidoczny dzi\u0119ki wcze\u015bniejszemu nawierceniu. Dzi\u0119ki temu mo\u017cna dopasowa\u0107 elewacj\u0119 do indywidualnych preferencji i stylu architektonicznego budynku.<\/p>\n<\/div>\n<\/section>\n","protected":false},"excerpt":{"rendered":"<p><strong>Grubo\u015b\u0107:<\/strong>\u00a025 mm<\/p>\n<p><strong>Szeroko\u015b\u0107:<\/strong> 135 mm<\/p>\n<p><strong>Dost\u0119pna w d\u0142ugo\u015bciach:<\/strong>\u00a0 2800 mm<\/p>\n","protected":false},"featured_media":2628,"comment_status":"open","ping_status":"closed","template":"","meta":[],"product_brand":[],"product_cat":[61,55],"product_tag":[],"class_list":{"0":"post-2605","1":"product","2":"type-product","3":"status-publish","4":"has-post-thumbnail","6":"product_cat-deska-kompozytowa","7":"product_cat-elewacje","8":"product_shipping_class-ponadgabarytowe","10":"first","11":"onbackorder","12":"shipping-taxable","13":"purchasable","14":"product-type-variable","15":"has-default-attributes"},"_links":{"self":[{"href":"https:\/\/kastelmeble.radom.pl\/bisparkiet\/wp-json\/wp\/v2\/product\/2605","targetHints":{"allow":["GET"]}}],"collection":[{"href":"https:\/\/kastelmeble.radom.pl\/bisparkiet\/wp-json\/wp\/v2\/product"}],"about":[{"href":"https:\/\/kastelmeble.radom.pl\/bisparkiet\/wp-json\/wp\/v2\/types\/product"}],"replies":[{"embeddable":true,"href":"https:\/\/kastelmeble.radom.pl\/bisparkiet\/wp-json\/wp\/v2\/comments?post=2605"}],"wp:featuredmedia":[{"embeddable":true,"href":"https:\/\/kastelmeble.radom.pl\/bisparkiet\/wp-json\/wp\/v2\/media\/2628"}],"wp:attachment":[{"href":"https:\/\/kastelmeble.radom.pl\/bisparkiet\/wp-json\/wp\/v2\/media?parent=2605"}],"wp:term":[{"taxonomy":"product_brand","embeddable":true,"href":"https:\/\/kastelmeble.radom.pl\/bisparkiet\/wp-json\/wp\/v2\/product_brand?post=2605"},{"taxonomy":"product_cat","embeddable":true,"href":"https:\/\/kastelmeble.radom.pl\/bisparkiet\/wp-json\/wp\/v2\/product_cat?post=2605"},{"taxonomy":"product_tag","embeddable":true,"href":"https:\/\/kastelmeble.radom.pl\/bisparkiet\/wp-json\/wp\/v2\/product_tag?post=2605"}],"curies":[{"name":"wp","href":"https:\/\/api.w.org\/{rel}","templated":true}]}}