{"id":2573,"date":"2025-05-13T10:05:45","date_gmt":"2025-05-13T08:05:45","guid":{"rendered":"https:\/\/kastelmeble.radom.pl\/bisparkiet\/?post_type=product&#038;p=2573"},"modified":"2025-05-13T10:06:30","modified_gmt":"2025-05-13T08:06:30","slug":"deska-kompozytowa-solid-ryfel-20x140mm","status":"publish","type":"product","link":"https:\/\/kastelmeble.radom.pl\/bisparkiet\/produkt\/deska-kompozytowa-solid-ryfel-20x140mm\/","title":{"rendered":"Deska kompozytowa Solid Ryfel 20x140mm"},"content":{"rendered":"<p>Deska kompozytowa Solid Ryfel\/G\u0142adka<\/p>\n<p>&nbsp;<\/p>\n<p>Wymiary :20x140mm<\/p>\n<p>D\u0142ugo\u015b\u0107: 2400mm, 4000mm<\/p>\n<p>Deski kompozytowe Solid maj\u0105 struktur\u0105 zbli\u017con\u0105 do naturalnego drewna. Deska jest \u00a0jednostronnie ryflowany i czterostronnie szlifowa.<\/p>\n<p>Zaletami tarasu z deski kompozytowej Solid jest ich odporno\u015b\u0107 i wytrzyma\u0142o\u015b\u0107. Lita budowa deski powoduje, \u017ce charakteryzuj\u0105 si\u0119 wysok\u0105 wytrzyma\u0142o\u015bci\u0105 na zginanie.\u00a0 Ponadto deski s\u0105 odporne na \u015bcieranie i dzia\u0142anie zewn\u0119trznych si\u0142 mechanicznych, niepodatne na ingerencj\u0119\u00a0 insekt\u00f3w i grzyb\u00f3w.<\/p>\n<p>Deski kompozytowe Solid dzi\u0119ki swoim w\u0142a\u015bciwo\u015bciom doskonale sprawdz\u0105 si\u0119 na nie zadaszonych tarasach jak i przy basenach czy oczkach wodnych.<\/p>\n<p>Deski dost\u0119pne s\u0105 w czterech kolorach w odcieniach klasycznego br\u0105zu (ciemny br\u0105z, teak) i nowoczesnej szaro\u015bci (silver, szary i antracyt), co pozwala na indywidualne dopasowanie do aran\u017cacji.<\/p>\n","protected":false},"excerpt":{"rendered":"<p>300z\u0142 cena m\u00b2 deski kompozytowej Solid<\/p>\n<p>Wymiary: 20x140mm<\/p>\n<p>D\u0142ugo\u015b\u0107: 2400mm, 4000mm<\/p>\n","protected":false},"featured_media":2585,"comment_status":"open","ping_status":"closed","template":"","meta":[],"product_brand":[],"product_cat":[37],"product_tag":[],"class_list":{"0":"post-2573","1":"product","2":"type-product","3":"status-publish","4":"has-post-thumbnail","6":"product_cat-deski-tarasowe-kompozytowe","7":"product_shipping_class-ponadgabarytowe","9":"first","10":"instock","11":"shipping-taxable","12":"purchasable","13":"product-type-variable","14":"has-default-attributes"},"_links":{"self":[{"href":"https:\/\/kastelmeble.radom.pl\/bisparkiet\/wp-json\/wp\/v2\/product\/2573","targetHints":{"allow":["GET"]}}],"collection":[{"href":"https:\/\/kastelmeble.radom.pl\/bisparkiet\/wp-json\/wp\/v2\/product"}],"about":[{"href":"https:\/\/kastelmeble.radom.pl\/bisparkiet\/wp-json\/wp\/v2\/types\/product"}],"replies":[{"embeddable":true,"href":"https:\/\/kastelmeble.radom.pl\/bisparkiet\/wp-json\/wp\/v2\/comments?post=2573"}],"wp:featuredmedia":[{"embeddable":true,"href":"https:\/\/kastelmeble.radom.pl\/bisparkiet\/wp-json\/wp\/v2\/media\/2585"}],"wp:attachment":[{"href":"https:\/\/kastelmeble.radom.pl\/bisparkiet\/wp-json\/wp\/v2\/media?parent=2573"}],"wp:term":[{"taxonomy":"product_brand","embeddable":true,"href":"https:\/\/kastelmeble.radom.pl\/bisparkiet\/wp-json\/wp\/v2\/product_brand?post=2573"},{"taxonomy":"product_cat","embeddable":true,"href":"https:\/\/kastelmeble.radom.pl\/bisparkiet\/wp-json\/wp\/v2\/product_cat?post=2573"},{"taxonomy":"product_tag","embeddable":true,"href":"https:\/\/kastelmeble.radom.pl\/bisparkiet\/wp-json\/wp\/v2\/product_tag?post=2573"}],"curies":[{"name":"wp","href":"https:\/\/api.w.org\/{rel}","templated":true}]}}