{"id":2557,"date":"2025-05-13T10:05:44","date_gmt":"2025-05-13T08:05:44","guid":{"rendered":"https:\/\/kastelmeble.radom.pl\/bisparkiet\/?post_type=product&#038;p=2557"},"modified":"2025-05-13T10:06:04","modified_gmt":"2025-05-13T08:06:04","slug":"aquatrans-deva-lakier-wodny-dwuskladnik","status":"publish","type":"product","link":"https:\/\/kastelmeble.radom.pl\/bisparkiet\/produkt\/aquatrans-deva-lakier-wodny-dwuskladnik\/","title":{"rendered":"Aquatrans Deva Lakier wodny dwusk\u0142adnik"},"content":{"rendered":"<p><em><strong>Lakier wodny Deva Aquatrans<\/strong> to dwusk\u0142adnikowy lakier nawierzchniowy wodorozcie\u0144czalny, wskazany do stosowania na pod\u0142ogach drewnianych i nawierzchniach ci\u0105g\u0142ych, o dobrej odporno\u015bci na \u015bcieranie.<\/em><\/p>\n<ul>\n<li>100% wyko\u0144czenie poliuretanowe<\/li>\n<li>Wysoka odporno\u015b\u0107 na \u015bcieranie<\/li>\n<li>Dobra odporno\u015b\u0107 na zu\u017cycie<\/li>\n<li>dobre w\u0142a\u015bciwo\u015bci mechaniczne<\/li>\n<li>dobra odporno\u015b\u0107 chemiczna<\/li>\n<li>Produkt NIE\u017b\u00d3\u0141T\u0104CY<\/li>\n<li>Zachowuje naturalny kolor drewna<\/li>\n<li>Brak nieprzyjemnych zapach\u00f3w<\/li>\n<li>Przyjazny dla \u015brodowiska\u00a0 \u00a0 \u00a0 \u00a0 \u00a0 \u00a0 \u00a0 \u00a0 \u00a0 \u00a0 \u00a0 \u00a0 \u00a0 \u00a0 \u00a0<strong>\u00a0 \u00a0 \u00a0 \u00a0 \u00a0 \u00a0 \u00a0 \u00a0 \u00a0 \u00a0 \u00a0 \u00a0 \u00a0 \u00a0 \u00a0 \u00a0 \u00a0 \u00a0 \u00a0 \u00a0 \u00a0 \u00a0 \u00a0 \u00a0 \u00a0 \u00a0 \u00a0 \u00a0 \u00a0 \u00a0 \u00a0 \u00a0 \u00a0 \u00a0 \u00a0 \u00a0 \u00a0 \u00a0 \u00a0 \u00a0 \u00a0 \u00a0 \u00a0 \u00a0 \u00a0 \u00a0 \u00a0 \u00a0 \u00a0 \u00a0 \u00a0 \u00a0 \u00a0 \u00a0 \u00a0 \u00a0 \u00a0 \u00a0 \u00a0 \u00a0 \u00a0 \u00a0 \u00a0 \u00a0 \u00a0 \u00a0 \u00a0 \u00a0 \u00a0 \u00a0 \u00a0 \u00a0 \u00a0 \u00a0 \u00a0 \u00a0 \u00a0 \u00a0 \u00a0 \u00a0 \u00a0 \u00a0 \u00a0 \u00a0 \u00a0 \u00a0 \u00a0 \u00a0 \u00a0 \u00a0 \u00a0 \u00a0 \u00a0 \u00a0 \u00a0 \u00a0 \u00a0 \u00a0 \u00a0 \u00a0 \u00a0 \u00a0 \u00a0 \u00a0 \u00a0 \u00a0 \u00a0 \u00a0<\/strong><\/li>\n<\/ul>\n<p><strong>\u00a0Pojemno\u015b\u0107: <\/strong>4,4L<\/p>\n<p><strong>\u00a0Wydajno\u015b\u0107:<\/strong> 10 \u2013 12 m2\/L (na warstw\u0119)<\/p>\n<p><strong>\u00a0Czas schni\u0119cia:<\/strong><\/p>\n<p>dotyk 5 godzin (20\u00baC)<\/p>\n<p>szlifowanie 6 \u2013 8 godzin (20\u00baC i 60% RH)<\/p>\n<p>maksymalna twardo\u015b\u0107 8-10 dni<\/p>\n<p>&nbsp;<\/p>\n","protected":false},"excerpt":{"rendered":"<p><em>Dwusk\u0142adnikowy wodny lakier nawierzchniowy.<\/em><\/p>\n","protected":false},"featured_media":2577,"comment_status":"open","ping_status":"closed","template":"","meta":[],"product_brand":[],"product_cat":[45,50],"product_tag":[],"class_list":{"0":"post-2557","1":"product","2":"type-product","3":"status-publish","4":"has-post-thumbnail","6":"product_cat-chemia-parkieciarska","7":"product_cat-lakiery-nawierzchniowe","8":"product_shipping_class-lekkie-produkty","10":"first","11":"instock","12":"shipping-taxable","13":"purchasable","14":"product-type-variable"},"_links":{"self":[{"href":"https:\/\/kastelmeble.radom.pl\/bisparkiet\/wp-json\/wp\/v2\/product\/2557","targetHints":{"allow":["GET"]}}],"collection":[{"href":"https:\/\/kastelmeble.radom.pl\/bisparkiet\/wp-json\/wp\/v2\/product"}],"about":[{"href":"https:\/\/kastelmeble.radom.pl\/bisparkiet\/wp-json\/wp\/v2\/types\/product"}],"replies":[{"embeddable":true,"href":"https:\/\/kastelmeble.radom.pl\/bisparkiet\/wp-json\/wp\/v2\/comments?post=2557"}],"wp:featuredmedia":[{"embeddable":true,"href":"https:\/\/kastelmeble.radom.pl\/bisparkiet\/wp-json\/wp\/v2\/media\/2577"}],"wp:attachment":[{"href":"https:\/\/kastelmeble.radom.pl\/bisparkiet\/wp-json\/wp\/v2\/media?parent=2557"}],"wp:term":[{"taxonomy":"product_brand","embeddable":true,"href":"https:\/\/kastelmeble.radom.pl\/bisparkiet\/wp-json\/wp\/v2\/product_brand?post=2557"},{"taxonomy":"product_cat","embeddable":true,"href":"https:\/\/kastelmeble.radom.pl\/bisparkiet\/wp-json\/wp\/v2\/product_cat?post=2557"},{"taxonomy":"product_tag","embeddable":true,"href":"https:\/\/kastelmeble.radom.pl\/bisparkiet\/wp-json\/wp\/v2\/product_tag?post=2557"}],"curies":[{"name":"wp","href":"https:\/\/api.w.org\/{rel}","templated":true}]}}