{"id":2552,"date":"2025-05-13T10:05:44","date_gmt":"2025-05-13T08:05:44","guid":{"rendered":"https:\/\/kastelmeble.radom.pl\/bisparkiet\/?post_type=product&#038;p=2552"},"modified":"2025-05-13T10:05:51","modified_gmt":"2025-05-13T08:05:51","slug":"deska-tarasowa-moso-bamboo-n-durance-20x155x1850-mm","status":"publish","type":"product","link":"https:\/\/kastelmeble.radom.pl\/bisparkiet\/produkt\/deska-tarasowa-moso-bamboo-n-durance-20x155x1850-mm\/","title":{"rendered":"Deska tarasowa MOSO Bamboo N-durance 20x155x1850 mm"},"content":{"rendered":"<p data-start=\"0\" data-end=\"40\"><strong data-start=\"0\" data-end=\"40\">Deska tarasowa Moso Bamboo 20\u00d7155 mm<\/strong><\/p>\n<ul data-start=\"42\" data-end=\"139\">\n<li data-start=\"42\" data-end=\"62\"><strong data-start=\"44\" data-end=\"54\">Profil<\/strong>: G\u0142adka<\/li>\n<li data-start=\"63\" data-end=\"83\"><strong data-start=\"65\" data-end=\"76\">Grubo\u015b\u0107<\/strong>: 20 mm<\/li>\n<li data-start=\"84\" data-end=\"107\"><strong data-start=\"86\" data-end=\"99\">Szeroko\u015b\u0107<\/strong>: 155 mm<\/li>\n<li data-start=\"108\" data-end=\"139\"><strong data-start=\"110\" data-end=\"130\">Dost\u0119pna d\u0142ugo\u015b\u0107<\/strong>: 1850 mm<\/li>\n<\/ul>\n<p data-start=\"141\" data-end=\"152\"><strong data-start=\"141\" data-end=\"151\">Zalety<\/strong>:<\/p>\n<ul data-start=\"153\" data-end=\"416\">\n<li data-start=\"153\" data-end=\"223\"><strong data-start=\"155\" data-end=\"167\">Trwa\u0142o\u015b\u0107<\/strong>: Pierwsza klasa trwa\u0142o\u015bci (EN350), odporno\u015b\u0107 na grzyby.<\/li>\n<li data-start=\"224\" data-end=\"306\"><strong data-start=\"226\" data-end=\"240\">Stabilno\u015b\u0107<\/strong>: Wi\u0119ksza stabilno\u015b\u0107 ni\u017c drewno, mniejsza tendencja do wypaczania.<\/li>\n<li data-start=\"307\" data-end=\"416\"><strong data-start=\"309\" data-end=\"319\">Wygl\u0105d<\/strong>: Czekoladowo-br\u0105zowy kolor, naturalny wygl\u0105d egzotycznego drewna, brak s\u0119k\u00f3w, estetyczny monta\u017c.<\/li>\n<\/ul>\n<p data-start=\"418\" data-end=\"429\"><strong data-start=\"418\" data-end=\"428\">Monta\u017c<\/strong>:<\/p>\n<ul data-start=\"430\" data-end=\"725\">\n<li data-start=\"430\" data-end=\"506\"><strong data-start=\"432\" data-end=\"443\">Pod\u0142o\u017ce<\/strong>: Przygotowa\u0107 ziemi\u0119 przepuszczaj\u0105c\u0105 wod\u0119, np. piasek lub \u017cwir.<\/li>\n<li data-start=\"507\" data-end=\"563\"><strong data-start=\"509\" data-end=\"519\">Legary<\/strong>: Minimum 40&#215;60 mm, najlepiej z MOSO Bamboo.<\/li>\n<li data-start=\"564\" data-end=\"725\"><strong data-start=\"566\" data-end=\"582\">Monta\u017c desek<\/strong>: Zastosowanie klip\u00f3w monta\u017cowych MOSO zapewnia niewidoczny monta\u017c. Deski nie wymagaj\u0105 dylatacji na d\u0142ugo\u015bci dzi\u0119ki systemowi <strong data-start=\"708\" data-end=\"724\">end-matching<\/strong>.<\/li>\n<\/ul>\n<p data-start=\"727\" data-end=\"750\"><strong data-start=\"727\" data-end=\"749\">Instrukcja monta\u017cu<\/strong>:<\/p>\n<ol data-start=\"751\" data-end=\"1157\">\n<li data-start=\"751\" data-end=\"802\">Nale\u017cy zachowa\u0107 5-6 mm dylatacji mi\u0119dzy deskami.<\/li>\n<li data-start=\"803\" data-end=\"877\">Czo\u0142a desek nale\u017cy zabezpieczy\u0107 woskiem do zapobiegania absorpcji wody.<\/li>\n<li data-start=\"878\" data-end=\"1033\">Monta\u017c z wykorzystaniem klip\u00f3w:\n<ul data-start=\"916\" data-end=\"1033\">\n<li data-start=\"916\" data-end=\"982\">Wbi\u0107 klipy w boczne wci\u0119cie, nawierci\u0107 otw\u00f3r i zamontowa\u0107 wkr\u0119t.<\/li>\n<li data-start=\"986\" data-end=\"1033\">Zainstalowa\u0107 kolejn\u0105 desk\u0119 i dokr\u0119ci\u0107 wkr\u0119ty.<\/li>\n<\/ul>\n<\/li>\n<li data-start=\"1034\" data-end=\"1157\">W przypadku monta\u017cu na wkr\u0119ty widoczne: nawierci\u0107 otwory 20 mm od kraw\u0119dzi deski, u\u017cywaj\u0105c wkr\u0119t\u00f3w ze stali nierdzewnej.<\/li>\n<\/ol>\n<p data-start=\"1159\" data-end=\"1189\"><strong data-start=\"1159\" data-end=\"1188\">Piel\u0119gnacja i konserwacja<\/strong>:<\/p>\n<ul data-start=\"1190\" data-end=\"1578\">\n<li data-start=\"1190\" data-end=\"1329\"><strong data-start=\"1192\" data-end=\"1206\">Olejowanie<\/strong>: Fabrycznie olejowane deski w kolorze teak. Zaleca si\u0119 olejowanie 1-2 razy do roku. Pierwsze olejowanie po 3-4 miesi\u0105cach.<\/li>\n<li data-start=\"1330\" data-end=\"1476\"><strong data-start=\"1332\" data-end=\"1347\">Czyszczenie<\/strong>: Regularne czyszczenie za pomoc\u0105 szczotki lub dysku krzemowo-w\u0119glikowego. Je\u015bli deski nie s\u0105 olejowane, b\u0119d\u0105 patynowa\u0107 na szaro.<\/li>\n<li data-start=\"1477\" data-end=\"1578\"><strong data-start=\"1479\" data-end=\"1496\">Magazynowanie<\/strong>: Drewno nale\u017cy przechowywa\u0107 w suchym miejscu, chronione przed wilgoci\u0105 i s\u0142o\u0144cem.<\/li>\n<\/ul>\n<p data-start=\"1580\" data-end=\"1708\" data-is-last-node=\"\" data-is-only-node=\"\">Deski tarasowe MOSO Bamboo X-treme oferuj\u0105 wysok\u0105 trwa\u0142o\u015b\u0107, stabilno\u015b\u0107 i estetyk\u0119, idealne do d\u0142ugotrwa\u0142ego u\u017cytku zewn\u0119trznego.<\/p>\n","protected":false},"excerpt":{"rendered":"<p>Cena dotyczy 1 szt deski Moso Bamboo<\/p>\n<p>Profil: G\u0142adki<br \/>\nGrubo\u015b\u0107: 20 mm<br \/>\nSzeroko\u015b\u0107: 155 mm<\/p>\n","protected":false},"featured_media":2575,"comment_status":"open","ping_status":"closed","template":"","meta":[],"product_brand":[],"product_cat":[36,32],"product_tag":[],"class_list":{"0":"post-2552","1":"product","2":"type-product","3":"status-publish","4":"has-post-thumbnail","6":"product_cat-deski-tarasowe-egzotyczne","7":"product_cat-tarasy","8":"product_shipping_class-ponadgabarytowe","10":"first","11":"instock","12":"shipping-taxable","13":"purchasable","14":"product-type-simple"},"_links":{"self":[{"href":"https:\/\/kastelmeble.radom.pl\/bisparkiet\/wp-json\/wp\/v2\/product\/2552","targetHints":{"allow":["GET"]}}],"collection":[{"href":"https:\/\/kastelmeble.radom.pl\/bisparkiet\/wp-json\/wp\/v2\/product"}],"about":[{"href":"https:\/\/kastelmeble.radom.pl\/bisparkiet\/wp-json\/wp\/v2\/types\/product"}],"replies":[{"embeddable":true,"href":"https:\/\/kastelmeble.radom.pl\/bisparkiet\/wp-json\/wp\/v2\/comments?post=2552"}],"wp:featuredmedia":[{"embeddable":true,"href":"https:\/\/kastelmeble.radom.pl\/bisparkiet\/wp-json\/wp\/v2\/media\/2575"}],"wp:attachment":[{"href":"https:\/\/kastelmeble.radom.pl\/bisparkiet\/wp-json\/wp\/v2\/media?parent=2552"}],"wp:term":[{"taxonomy":"product_brand","embeddable":true,"href":"https:\/\/kastelmeble.radom.pl\/bisparkiet\/wp-json\/wp\/v2\/product_brand?post=2552"},{"taxonomy":"product_cat","embeddable":true,"href":"https:\/\/kastelmeble.radom.pl\/bisparkiet\/wp-json\/wp\/v2\/product_cat?post=2552"},{"taxonomy":"product_tag","embeddable":true,"href":"https:\/\/kastelmeble.radom.pl\/bisparkiet\/wp-json\/wp\/v2\/product_tag?post=2552"}],"curies":[{"name":"wp","href":"https:\/\/api.w.org\/{rel}","templated":true}]}}