{"id":2406,"date":"2025-05-13T10:03:09","date_gmt":"2025-05-13T08:03:09","guid":{"rendered":"https:\/\/kastelmeble.radom.pl\/bisparkiet\/?post_type=product&#038;p=2406"},"modified":"2025-05-13T10:03:53","modified_gmt":"2025-05-13T08:03:53","slug":"listwa-katowa-gardin-natur","status":"publish","type":"product","link":"https:\/\/kastelmeble.radom.pl\/bisparkiet\/produkt\/listwa-katowa-gardin-natur\/","title":{"rendered":"Listwa k\u0105towa Gardin Natur"},"content":{"rendered":"<p>Listwa wyko\u0144czeniowa naro\u017cnikowa do sytemu tarasowego Gardin Natur.<br \/>\nWytwarzana z mieszanki polimer\u00f3w wysokiej g\u0119sto\u015bci i w\u0142\u00f3kien drzewnych. Charakteryzuje si\u0119 wysok\u0105 trwa\u0142o\u015bci\u0105 i odporno\u015bci\u0105 na promienie UV oraz destrukcj\u0119 biologiczn\u0105. Nie wymaga olejowania ani impregnacji.<\/p>\n<p>Wymiary<\/p>\n<p>Grubo\u015b\u0107; 40mm<\/p>\n<p>Szeroko\u015b\u0107; 40mm<\/p>\n<p>D\u0142ugo\u015b\u0107; 3000mm<\/p>\n","protected":false},"excerpt":{"rendered":"<p>Listwa wyko\u0144czeniowa naro\u017cnikowa do sytemu tarasowego Gardin Natur. Wytwarzana z mieszanki polimer\u00f3w wysokiej g\u0119sto\u015bci i w\u0142\u00f3kien drzewnych. Charakteryzuje si\u0119 wysok\u0105 trwa\u0142o\u015bci\u0105 i odporno\u015bci\u0105 na promienie UV oraz destrukcj\u0119 biologiczn\u0105. Nie wymaga olejowania ani impregnacji. Wymiary Grubo\u015b\u0107; 40mm Szeroko\u015b\u0107; 40mm D\u0142ugo\u015b\u0107; 3000mm<\/p>\n","protected":false},"featured_media":2421,"comment_status":"open","ping_status":"closed","template":"","meta":[],"product_brand":[],"product_cat":[69,32],"product_tag":[],"class_list":{"0":"post-2406","1":"product","2":"type-product","3":"status-publish","4":"has-post-thumbnail","6":"product_cat-listwy-wykonczeniowe","7":"product_cat-tarasy","8":"product_shipping_class-lekkie-produkty","10":"first","11":"instock","12":"shipping-taxable","13":"purchasable","14":"product-type-variable","15":"has-default-attributes"},"_links":{"self":[{"href":"https:\/\/kastelmeble.radom.pl\/bisparkiet\/wp-json\/wp\/v2\/product\/2406","targetHints":{"allow":["GET"]}}],"collection":[{"href":"https:\/\/kastelmeble.radom.pl\/bisparkiet\/wp-json\/wp\/v2\/product"}],"about":[{"href":"https:\/\/kastelmeble.radom.pl\/bisparkiet\/wp-json\/wp\/v2\/types\/product"}],"replies":[{"embeddable":true,"href":"https:\/\/kastelmeble.radom.pl\/bisparkiet\/wp-json\/wp\/v2\/comments?post=2406"}],"wp:featuredmedia":[{"embeddable":true,"href":"https:\/\/kastelmeble.radom.pl\/bisparkiet\/wp-json\/wp\/v2\/media\/2421"}],"wp:attachment":[{"href":"https:\/\/kastelmeble.radom.pl\/bisparkiet\/wp-json\/wp\/v2\/media?parent=2406"}],"wp:term":[{"taxonomy":"product_brand","embeddable":true,"href":"https:\/\/kastelmeble.radom.pl\/bisparkiet\/wp-json\/wp\/v2\/product_brand?post=2406"},{"taxonomy":"product_cat","embeddable":true,"href":"https:\/\/kastelmeble.radom.pl\/bisparkiet\/wp-json\/wp\/v2\/product_cat?post=2406"},{"taxonomy":"product_tag","embeddable":true,"href":"https:\/\/kastelmeble.radom.pl\/bisparkiet\/wp-json\/wp\/v2\/product_tag?post=2406"}],"curies":[{"name":"wp","href":"https:\/\/api.w.org\/{rel}","templated":true}]}}