{"id":2099,"date":"2025-05-13T09:59:47","date_gmt":"2025-05-13T07:59:47","guid":{"rendered":"https:\/\/kastelmeble.radom.pl\/bisparkiet\/?post_type=product&#038;p=2099"},"modified":"2025-05-13T10:00:12","modified_gmt":"2025-05-13T08:00:12","slug":"deska-tarasowa-kompozytowa-gardin-deco-2-0","status":"publish","type":"product","link":"https:\/\/kastelmeble.radom.pl\/bisparkiet\/produkt\/deska-tarasowa-kompozytowa-gardin-deco-2-0\/","title":{"rendered":"Deska tarasowa kompozytowa Gardin Deco 2.0"},"content":{"rendered":"<p>Deska kompozytowa wykonana w innowacyjnej technologii Co-extrusion. Dwustronna i dwukolorowa.\u00a0 Powierzchni\u0119 desek zdobi realistyczne us\u0142ojenie 3D, kt\u00f3re wygl\u0105da jak autentyczne drewno, chocia\u017c nie wymaga sezonowej renowacji. Z ka\u017cdej strony znajdziemy inn\u0105 barw\u0119, co pozwala na szybk\u0105 zmian\u0119 wygl\u0105du naszego tarasu.<\/p>\n<p>Koekstrudowana budowa oznacza, \u017ce rdze\u0144 desek zosta\u0142 otoczony mieszank\u0105 polimer\u00f3w o najwy\u017cszych parametrach wytrzyma\u0142o\u015bciowych, wizualnych i u\u017cytkowych. To odr\u00f3\u017cni\u0105 j\u0105 od tradycyjnych desek jednowarstwowych. W efekcie s\u0105 wytrzyma\u0142e na zmienne warunki pogodowe, proste w czyszczeniu i bardzo \u017cywotne.<\/p>\n","protected":false},"excerpt":{"rendered":"<p>37,00 z\u0142 &#8211; cena metra bie\u017c\u0105cego deski<\/p>\n","protected":false},"featured_media":2127,"comment_status":"open","ping_status":"closed","template":"","meta":[],"product_brand":[],"product_cat":[37,32],"product_tag":[],"class_list":{"0":"post-2099","1":"product","2":"type-product","3":"status-publish","4":"has-post-thumbnail","6":"product_cat-deski-tarasowe-kompozytowe","7":"product_cat-tarasy","9":"first","10":"instock","11":"shipping-taxable","12":"purchasable","13":"product-type-variable"},"_links":{"self":[{"href":"https:\/\/kastelmeble.radom.pl\/bisparkiet\/wp-json\/wp\/v2\/product\/2099","targetHints":{"allow":["GET"]}}],"collection":[{"href":"https:\/\/kastelmeble.radom.pl\/bisparkiet\/wp-json\/wp\/v2\/product"}],"about":[{"href":"https:\/\/kastelmeble.radom.pl\/bisparkiet\/wp-json\/wp\/v2\/types\/product"}],"replies":[{"embeddable":true,"href":"https:\/\/kastelmeble.radom.pl\/bisparkiet\/wp-json\/wp\/v2\/comments?post=2099"}],"wp:featuredmedia":[{"embeddable":true,"href":"https:\/\/kastelmeble.radom.pl\/bisparkiet\/wp-json\/wp\/v2\/media\/2127"}],"wp:attachment":[{"href":"https:\/\/kastelmeble.radom.pl\/bisparkiet\/wp-json\/wp\/v2\/media?parent=2099"}],"wp:term":[{"taxonomy":"product_brand","embeddable":true,"href":"https:\/\/kastelmeble.radom.pl\/bisparkiet\/wp-json\/wp\/v2\/product_brand?post=2099"},{"taxonomy":"product_cat","embeddable":true,"href":"https:\/\/kastelmeble.radom.pl\/bisparkiet\/wp-json\/wp\/v2\/product_cat?post=2099"},{"taxonomy":"product_tag","embeddable":true,"href":"https:\/\/kastelmeble.radom.pl\/bisparkiet\/wp-json\/wp\/v2\/product_tag?post=2099"}],"curies":[{"name":"wp","href":"https:\/\/api.w.org\/{rel}","templated":true}]}}