{"id":1704,"date":"2025-05-13T09:55:31","date_gmt":"2025-05-13T07:55:31","guid":{"rendered":"https:\/\/kastelmeble.radom.pl\/bisparkiet\/?post_type=product&#038;p=1704"},"modified":"2025-05-13T09:56:05","modified_gmt":"2025-05-13T07:56:05","slug":"deska-elewacyjna-meranti-faza-15x145-mm","status":"publish","type":"product","link":"https:\/\/kastelmeble.radom.pl\/bisparkiet\/produkt\/deska-elewacyjna-meranti-faza-15x145-mm\/","title":{"rendered":"Deska elewacyjna Meranti FAZA 15&#215;145 mm"},"content":{"rendered":"<div id=\"description\" class=\"tab-pane fade in active\">\n<div class=\"product-description\">\n<p><strong>Cena dotyczy 1m2 deski elewacyjnej M<\/strong><strong>eranti 15&#215;145 mm<\/strong><\/p>\n<p><strong>Profil:<\/strong>\u00a0Faza<\/p>\n<p><strong>Grubo\u015b\u0107:<\/strong>\u00a015 mm<\/p>\n<p><strong>Szeroko\u015b\u0107:<\/strong>\u00a0145 mm<\/p>\n<p><strong>Powierzchnia krycia:<\/strong> 135 mm<\/p>\n<p>Drewno ma kolor od jasnego szaro-br\u0105zowego do ciemnego czerwono-br\u0105zowego. Elewacja z meranti koniecznie wymaga konserwacji \u015brodkami chemicznymi. W budownictwie na ca\u0142ym \u015bwiecie stosowane s\u0105 elewacje drewniane ze wzgl\u0119du na du\u017ce walory zdrowotne, ekonomiczne i komfort otoczenia. Drewno u\u0142o\u017cone na du\u017cej powierzchni tworzy elewacj\u0119 pe\u0142n\u0105 r\u00f3\u017cnorodnych tonacji drewna.<br \/>\nElewacja Meranti jest dost\u0119pna w profilu FAZA 15x145mm z czego powierzchnia kryj\u0105ca to 135 mm.<\/p>\n<p>&nbsp;<\/p>\n<p>Przed zakupem prosimy o kontakt w celu sprawdzenia dost\u0119pno\u015bci oraz ustalenia szczeg\u00f3\u0142\u00f3w transportu.<\/p>\n<p>Oferujemy r\u00f3wnie\u017c monta\u017c taras\u00f3w i elewacji.<\/p>\n<p><strong>Zadzwo\u0144 lub napisz a my przygotujemy ofert\u0119.<\/strong><\/p>\n<\/div>\n<\/div>\n","protected":false},"excerpt":{"rendered":"<p><strong>Cena dotyczy 1m2 deski elewacyjnej Meranti\u00a0<\/strong><\/p>\n<p><strong>Profil:<\/strong> Faza<\/p>\n<p><strong>Grubo\u015b\u0107:<\/strong> 15 mm<\/p>\n<p><strong>Szeroko\u015b\u0107:<\/strong> 145 mm<\/p>\n","protected":false},"featured_media":1740,"comment_status":"open","ping_status":"closed","template":"","meta":[],"product_brand":[],"product_cat":[59,55],"product_tag":[],"class_list":{"0":"post-1704","1":"product","2":"type-product","3":"status-publish","4":"has-post-thumbnail","6":"product_cat-deska-egzotyczna","7":"product_cat-elewacje","8":"product_shipping_class-ponadgabarytowe","10":"first","11":"instock","12":"shipping-taxable","13":"purchasable","14":"product-type-simple"},"_links":{"self":[{"href":"https:\/\/kastelmeble.radom.pl\/bisparkiet\/wp-json\/wp\/v2\/product\/1704","targetHints":{"allow":["GET"]}}],"collection":[{"href":"https:\/\/kastelmeble.radom.pl\/bisparkiet\/wp-json\/wp\/v2\/product"}],"about":[{"href":"https:\/\/kastelmeble.radom.pl\/bisparkiet\/wp-json\/wp\/v2\/types\/product"}],"replies":[{"embeddable":true,"href":"https:\/\/kastelmeble.radom.pl\/bisparkiet\/wp-json\/wp\/v2\/comments?post=1704"}],"wp:featuredmedia":[{"embeddable":true,"href":"https:\/\/kastelmeble.radom.pl\/bisparkiet\/wp-json\/wp\/v2\/media\/1740"}],"wp:attachment":[{"href":"https:\/\/kastelmeble.radom.pl\/bisparkiet\/wp-json\/wp\/v2\/media?parent=1704"}],"wp:term":[{"taxonomy":"product_brand","embeddable":true,"href":"https:\/\/kastelmeble.radom.pl\/bisparkiet\/wp-json\/wp\/v2\/product_brand?post=1704"},{"taxonomy":"product_cat","embeddable":true,"href":"https:\/\/kastelmeble.radom.pl\/bisparkiet\/wp-json\/wp\/v2\/product_cat?post=1704"},{"taxonomy":"product_tag","embeddable":true,"href":"https:\/\/kastelmeble.radom.pl\/bisparkiet\/wp-json\/wp\/v2\/product_tag?post=1704"}],"curies":[{"name":"wp","href":"https:\/\/api.w.org\/{rel}","templated":true}]}}