{"id":1700,"date":"2025-05-13T09:55:20","date_gmt":"2025-05-13T07:55:20","guid":{"rendered":"https:\/\/kastelmeble.radom.pl\/bisparkiet\/?post_type=product&#038;p=1700"},"modified":"2025-05-13T10:07:58","modified_gmt":"2025-05-13T08:07:58","slug":"remmers-olej-do-tarasow-i-mebli-ogrodowych-5l","status":"publish","type":"product","link":"https:\/\/kastelmeble.radom.pl\/bisparkiet\/produkt\/remmers-olej-do-tarasow-i-mebli-ogrodowych-5l\/","title":{"rendered":"Remmers Olej do taras\u00f3w i mebli ogrodowych 5L"},"content":{"rendered":"<p>[vc_row][vc_column][vc_column_text]<\/p>\n<h3 class=\"f--bold\">W\u0142a\u015bciwo\u015bci<\/h3>\n<ul>\n<li>Dzia\u0142a hydrofobizuj\u0105co<\/li>\n<li>Pow\u0142oka odporna na wp\u0142yw czynnik\u00f3w atmosferycznych, reguluje wilgotno\u015b\u0107 drewna<\/li>\n<li>Chroni drewno przed wyschni\u0119ciem<\/li>\n<li>Warianty pigmentowane chroni\u0105 drewno przed szarzeniem<\/li>\n<li>Intensywne kolory<\/li>\n<li>\u0141atwa obr\u00f3bka<\/li>\n<li>Ewentualne poprawki nie wymagaj\u0105 uprzedniego szlifowania pow\u0142oki<\/li>\n<\/ul>\n<h3 class=\"f--bold\">Zakres zastosowania<\/h3>\n<ul>\n<li>Do drewna stosowanego w pomieszczeniach i na otwartej przestrzeni.<\/li>\n<li>Do element\u00f3w budowlanych nie zachowuj\u0105cych wymiaru i zachowuj\u0105cych wymiar w ograniczonym zakresie<\/li>\n<li>Do drewnianych mebli ogrodowych i taras\u00f3w<\/li>\n<li>Do drewna tekowego, bangkirai, massaranduby, iroko, d\u0119bu, modrzewia i daglezji<\/li>\n<li>Do drewna termizowanego<\/li>\n<li>Do konglomerat\u00f3w drewniano-polimerowych, bambusa, resysty polecamy nasz &#8222;olej do desek kompozytowych&#8221; (art. 2087 &#8211; 2089).<\/li>\n<\/ul>\n<p>[\/vc_column_text][\/vc_column][\/vc_row]<\/p>\n","protected":false},"excerpt":{"rendered":"<ul>\n<li>Dzia\u0142a hydrofobizuj\u0105co<\/li>\n<li>Pow\u0142oka odporna na wp\u0142yw czynnik\u00f3w atmosferycznych, reguluje wilgotno\u015b\u0107 drewna<\/li>\n<li>Chroni drewno przed wyschni\u0119ciem<\/li>\n<li>Warianty pigmentowane chroni\u0105 drewno przed szarzeniem<\/li>\n<li>Intensywne kolory<\/li>\n<li>\u0141atwa obr\u00f3bka<\/li>\n<li>Ewentualne poprawki nie wymagaj\u0105 uprzedniego szlifowania pow\u0142oki<\/li>\n<\/ul>\n","protected":false},"featured_media":2125,"comment_status":"open","ping_status":"closed","template":"","meta":[],"product_brand":[],"product_cat":[43,62],"product_tag":[],"class_list":{"0":"post-1700","1":"product","2":"type-product","3":"status-publish","4":"has-post-thumbnail","6":"product_cat-impregnaty-do-drewna","7":"product_cat-oleje-do-drewna","8":"product_shipping_class-lekkie-produkty","10":"first","11":"instock","12":"shipping-taxable","13":"purchasable","14":"product-type-variable","15":"has-default-attributes"},"_links":{"self":[{"href":"https:\/\/kastelmeble.radom.pl\/bisparkiet\/wp-json\/wp\/v2\/product\/1700","targetHints":{"allow":["GET"]}}],"collection":[{"href":"https:\/\/kastelmeble.radom.pl\/bisparkiet\/wp-json\/wp\/v2\/product"}],"about":[{"href":"https:\/\/kastelmeble.radom.pl\/bisparkiet\/wp-json\/wp\/v2\/types\/product"}],"replies":[{"embeddable":true,"href":"https:\/\/kastelmeble.radom.pl\/bisparkiet\/wp-json\/wp\/v2\/comments?post=1700"}],"wp:featuredmedia":[{"embeddable":true,"href":"https:\/\/kastelmeble.radom.pl\/bisparkiet\/wp-json\/wp\/v2\/media\/2125"}],"wp:attachment":[{"href":"https:\/\/kastelmeble.radom.pl\/bisparkiet\/wp-json\/wp\/v2\/media?parent=1700"}],"wp:term":[{"taxonomy":"product_brand","embeddable":true,"href":"https:\/\/kastelmeble.radom.pl\/bisparkiet\/wp-json\/wp\/v2\/product_brand?post=1700"},{"taxonomy":"product_cat","embeddable":true,"href":"https:\/\/kastelmeble.radom.pl\/bisparkiet\/wp-json\/wp\/v2\/product_cat?post=1700"},{"taxonomy":"product_tag","embeddable":true,"href":"https:\/\/kastelmeble.radom.pl\/bisparkiet\/wp-json\/wp\/v2\/product_tag?post=1700"}],"curies":[{"name":"wp","href":"https:\/\/api.w.org\/{rel}","templated":true}]}}